. Let x = -3 + 5. Suppose 3*l + 5*u - 43 = c, -2*l - x*l + 2*u + 66 = 0. What is the highest common factor of l and 144?
16
Suppose 3*j = -4*p - 2*j + 116, -p + 46 = -3*j. Let t = p + -14. Calculate the greatest common divisor of t and 8.
4
Let p = 2 + 3. Let q be (3 - (p - -3))/(-1). Suppose -q = -5*i + 10. Calculate the greatest common divisor of 15 and i.
3
Suppose -5*s + 1489 - 139 = 0. Calculate the highest common factor of 27 and s.
27
Suppose l = -10*l + 1056. Let x = 25 - 13. Calculate the highest common divisor of x and l.
12
Let y(g) = 3*g**2 - 2. Suppose 0*s + 8 = 4*s. Let z be y(s). What is the greatest common factor of z and 20?
10
Let w(v) = 14*v**2 - 2*v - 1. Let f be w(-1). Suppose -2*d - f = -223. Suppose -79 = -5*m - 4*i - 22, 5*i = -10. Calculate the highest common factor of m and d.
13
Let p(o) = o + 128. Let j be p(0). Calculate the greatest common factor of 16 and j.
16
Suppose 0 = 4*q - q - 60. Let a be ((-8)/q)/(1/5). Let l = a - -8. Calculate the highest common divisor of 54 and l.
6
Let b be 294/8 - (-21)/(-28). Let u be (-2)/(-4)*(b - 0). Calculate the highest common divisor of u and 126.
18
Let h(y) = y**2 - 9*y + 4. Let b be h(9). Let i = 7 - b. Calculate the greatest common factor of i and 27.
3
Let t = -29 + 39. Calculate the highest common divisor of t and 10.
10
Suppose 0 = o - 30 - 26. Suppose -6*q = 2 - 44. Calculate the highest common factor of q and o.
7
Let j = 3 + -3. Suppose -5*c + 4*c - 18 = j. Let p = c + 27. Calculate the highest common divisor of p and 81.
9
Let t be (-1)/2*2 - 0. Let q be (-10)/25*75/t. Let b = -11 - -17. What is the greatest common factor of q and b?
6
Suppose 0*p = -6*p + 156. Calculate the highest common factor of 39 and p.
13
Let j be (-1 + (-15)/(-6))*2. What is the highest common divisor of j and 3?
3
Let d be 6/(-4) - 26/4. Let b be ((-15)/4)/(2/d). What is the greatest common factor of 30 and b?
15
Let r(y) = y**3 + 6*y**2 + 2*y. Let q be r(-5). Let z be ((-1)/(-2))/(3/30). Calculate the highest common factor of z and q.
5
Suppose 0 = 3*p - 118 + 52. Calculate the greatest common divisor of 176 and p.
22
Suppose -2*f + 96 = -0*f. What is the greatest common factor of 24 and f?
24
Let y be 245*1*(-16)/(-40). What is the greatest common factor of y and 14?
14
Suppose 0 = v + 4 - 6. Let u be (38 - 2) + v + -3. What is the highest common factor of 7 and u?
7
Let a be (-6 - -3)/3 + 2. What is the greatest common factor of a and 1?
1
Let a(w) = -w**3 - 2*w**2 + 2*w. Let m be a(-3). Suppose -5*i + 41 = 4*d, 3*d + m + 0 = 0. Calculate the highest common divisor of 72 and i.
9
Let n(j) = 2*j**2 + 7*j - 2. Let c be n(-5). Suppose -3*p - 1 = -c. What is the highest common factor of 20 and p?
4
Suppose -z - z + 5 = -3*v, -z = 4*v - 8. Let l be 10/(-4)*-4*v. What is the highest common divisor of 90 and l?
10
Suppose 0 = -4*w + 3*i + 17, 0*w + 7 = 2*w - 3*i. Suppose 3*d + 407 = 4*q, w*q + 5*d = 3*q + 171. What is the highest common factor of 14 and q?
14
Let b(z) = 16 - 7*z - 5 - 21 + 2*z**2. Let u be b(10). Calculate the highest common divisor of 15 and u.
15
Let o = -3 - -45. Calculate the highest common factor of 14 and o.
14
Suppose 0*c + 198 = 3*c. Calculate the greatest common divisor of c and 11.
11
Let i(r) = 7*r - 7. Let b be i(4). What is the highest common divisor of b and 147?
21
Let w = 11 + -6. Let k(c) = 4*c**2 - 2*c - 1. Let u be k(4). Calculate the greatest common factor of w and u.
5
Suppose 4*d - 5*a = 11, 0*d + 5*d + 3*a - 23 = 0. Suppose -2*f + 2*y - y + 23 = 0, f - 2*y = d. Calculate the highest common factor of f and 14.
14
Let l = 0 + 17. Suppose -l = 5*p - 52. Let o = 21 - p. What is the highest common factor of o and 14?
14
Let p be (186/(-12))/((-2)/4). Suppose p = 2*v - 49. What is the greatest common factor of 5 and v?
5
Suppose 132 = 12*c - 9*c. What is the highest common divisor of 110 and c?
22
Suppose 56 = 4*i + 4*d, 4*i - 5*d + 1 = 93. Calculate the greatest common factor of 2 and i.
2
Let q(i) be the second derivative of i**3/6 - 3*i**2/2 - 4*i. Let r be q(11). What is the greatest common factor of 20 and r?
4
Suppose f + 3*f - 296 = 0. Let i = -24 + f. What is the highest common factor of 10 and i?
10
Suppose 0*b + 2*x = b + 94, -272 = 3*b - 4*x. Let z = -52 - b. Let c = -39 - -87. Calculate the highest common factor of z and c.
16
Suppose 0*f + 56 = 4*f. Calculate the greatest common divisor of f and 7.
7
Suppose -5*d + 4*u + 130 = 2*u, 2*d - 52 = -4*u. What is the highest common factor of 182 and d?
26
Let l be 0 - 9*1/(-1). Suppose -120 = -3*t - t. Suppose -j + t = -42. What is the highest common divisor of l and j?
9
Suppose c = 4*c - 3. Suppose 0 = g + t - 6 - c, -7 = -g - 5*t. Let h = -80 + 136. Calculate the highest common divisor of g and h.
7
Suppose 2*l = -2*l + 76. Let r = l - 8. What is the greatest common factor of r and 121?
11
Suppose b + 4*o - 44 = -3*b, -5*o = 10. Calculate the highest common factor of 39 and b.
13
Suppose -9*t = -11*t - 234. Let c = -56 - 215. Let u = t - c. What is the highest common divisor of 14 and u?
14
Let k be -1 - ((-6)/27 + (-4715)/45). Calculate the greatest common factor of k and 8.
8
Suppose -4*i + i + 183 = 0. Suppose 17 - i = -2*k. What is the greatest common divisor of 33 and k?
11
Let d(r) = -r**3 + 6*r**2 + 7*r + 3. Let a be d(7). Suppose 0*q + 12 = -a*q. Let x be 28/(-10)*(-1 + q). Calculate the highest common divisor of 112 and x.
14
Suppose 102 = 4*u - u. Suppose 5*h + 2*b + 4 - u = 0, 5*h - 4*b - 30 = 0. Let j = -150 + 216. Calculate the greatest common factor of h and j.
6
Suppose 6*a + 0*a = 378. What is the greatest common factor of 7 and a?
7
Let o = 18 - 14. Suppose 0 = o*v + 6 - 34. Calculate the greatest common divisor of 21 and v.
7
Let j(k) = -k**3 + 14*k**2 + 2*k - 17. Let b be j(14). Calculate the greatest common factor of b and 99.
11
Suppose 5*c - 26 = 24. What is the greatest common divisor of c and 25?
5
Let p be ((-3)/(-3) - 1)/(-2). Let n = p - -6. Calculate the highest common factor of n and 18.
6
Suppose 0 = -k - 3*z + 75, 2*k - 5*k + 3*z + 225 = 0. What is the highest common factor of k and 15?
15
Let y(a) = -2*a**2 - a - 4. Let m be y(7). Let s be -51 - (-1 + 2 + -3). Let x = s - m. Calculate the greatest common factor of x and 24.
12
Let w = 40 - 22. Let t = 25 - 11. Suppose -j + 3*p + 11 = 0, 2*j + 4*p + t = 3*j. What is the highest common factor of w and j?
2
Let d(o) = o**2 - 13*o - 48. Let f be d(-5). Calculate the highest common factor of 14 and f.
14
Let s be 30/(-4)*(-48)/9. Suppose 0 = 4*f + f - 2*a - 10, -19 = -f - 3*a. What is the highest common factor of f and s?
4
Let z(r) = r**2 + 22*r + 16. Let a be z(-23). What is the highest common factor of 117 and a?
39
Let p(c) = c**3 + 11*c**2 + 9*c + 12. Let k be p(-10). Let s(i) = k*i + 2 - 8*i - 1. Let n be s(6). Calculate the highest common divisor of n and 34.
17
Suppose -5*n = 3*g - 22, 2 = -4*n + 4*g - 6. Suppose -252*w + 250*w + 2 = 0. What is the greatest common divisor of n and w?
1
Suppose -112 + 8 = -4*z. What is the highest common factor of 260 and z?
26
Let u be (0 - -5)*6/15. Let v be 6/(-2*u/(-4)). Let i(w) = -w**2 + 15*w - 17. Let n be i(13). Calculate the highest common factor of n and v.
3
Let q(h) = -6*h + 52. Let s be q(-13). Calculate the highest common factor of s and 26.
26
Let w(d) = d**2 - 2*d + 2. Let o be w(4). Suppose -4*s + 3*b + 85 = -2*b, -56 = -3*s - 4*b. Calculate the highest common factor of o and s.
10
Suppose -3*t = 4*v - 13, t + 3*v = 2*t. Calculate the highest common divisor of t and 3.
3
Let t = -28 + 40. Let d(x) = x**2 - 4*x - 5. Let m(j) = 6*j**3 - 1. Let u be m(-1). Let n be d(u). What is the greatest common divisor of t and n?
12
Let q be (11/(-3) + 3)*-24. Let s = 7 - 5. Calculate the highest common divisor of q and s.
2
Let p(y) = y**2 + 5*y + 5. Let m be p(-5). Suppose 3*r - 5 = 2*r + 3*g, 4*r - g = 20. Calculate the greatest common divisor of r and m.
5
Let u(h) = h**3 - 8*h**2 + 4*h + 31. Let v be u(7). What is the greatest common factor of v and 5?
5
Let k be 1 - -2 - (-1)/1. Suppose 3*l = 0, -l + 3*l + 96 = k*p. What is the greatest common divisor of 8 and p?
8
Let m = 3 - -30. What is the greatest common divisor of 11 and m?
11
Let u(k) = k**2 - k - 1. Let t(p) = p**